ist the prime factors of 2652.
2, 3, 13, 17
What are the prime factors of 265?
5, 53
List the prime factors of 802.
2, 401
List the prime factors of 52432.
2, 29, 113
What are the prime factors of 26877?
3, 17, 31
What are the prime factors of 37421?
23, 1627
What are the prime factors of 11755?
5, 2351
What are the prime factors of 1726?
2, 863
What are the prime factors of 2598?
2, 3, 433
List the prime factors of 3844.
2, 31
What are the prime factors of 501?
3, 167
List the prime factors of 273.
3, 7, 13
What are the prime factors of 198578?
2, 99289
What are the prime factors of 51071?
51071
What are the prime factors of 179222?
2, 89611
What are the prime factors of 26459?
26459
List the prime factors of 42598.
2, 19, 59
What are the prime factors of 4302?
2, 3, 239
List the prime factors of 4325.
5, 173
List the prime factors of 13738.
2, 6869
List the prime factors of 2353.
13, 181
List the prime factors of 247.
13, 19
What are the prime factors of 1347?
3, 449
List the prime factors of 35395.
5, 7079
What are the prime factors of 22082?
2, 61, 181
List the prime factors of 817.
19, 43
List the prime factors of 197.
197
What are the prime factors of 3073?
7, 439
What are the prime factors of 19303?
97, 199
List the prime factors of 1567.
1567
What are the prime factors of 19396?
2, 13, 373
List the prime factors of 43189.
43189
What are the prime factors of 1364?
2, 11, 31
What are the prime factors of 1170?
2, 3, 5, 13
List the prime factors of 1581.
3, 17, 31
List the prime factors of 98711.
98711
List the prime factors of 347.
347
List the prime factors of 109183.
41, 2663
What are the prime factors of 26044?
2, 17, 383
What are the prime factors of 196395?
3, 5, 13093
List the prime factors of 102.
2, 3, 17
List the prime factors of 1128.
2, 3, 47
List the prime factors of 13759.
13759
List the prime factors of 19101.
3, 6367
What are the prime factors of 1870?
2, 5, 11, 17
List the prime factors of 10620.
2, 3, 5, 59
List the prime factors of 2817.
3, 313
List the prime factors of 2678.
2, 13, 103
What are the prime factors of 19012?
2, 7, 97
What are the prime factors of 4744?
2, 593
What are the prime factors of 105986?
2, 197, 269
List the prime factors of 541.
541
What are the prime factors of 34986?
2, 3, 7, 17
List the prime factors of 532.
2, 7, 19
What are the prime factors of 8366?
2, 47, 89
List the prime factors of 439.
439
List the prime factors of 2795.
5, 13, 43
What are the prime factors of 899?
29, 31
List the prime factors of 13678.
2, 7, 977
List the prime factors of 942.
2, 3, 157
List the prime factors of 27713.
7, 37, 107
List the prime factors of 64260.
2, 3, 5, 7, 17
List the prime factors of 2497.
11, 227
List the prime factors of 103255.
5, 107, 193
What are the prime factors of 1214?
2, 607
List the prime factors of 8284.
2, 19, 109
List the prime factors of 6272.
2, 7
List the prime factors of 71145.
3, 5, 17, 31
List the prime factors of 3802.
2, 1901
What are the prime factors of 3147?
3, 1049
List the prime factors of 551.
19, 29
List the prime factors of 30594.
2, 3, 5099
List the prime factors of 1541.
23, 67
What are the prime factors of 8700?
2, 3, 5, 29
What are the prime factors of 15803?
15803
What are the prime factors of 3579?
3, 1193
List the prime factors of 37469.
89, 421
What are the prime factors of 2196?
2, 3, 61
What are the prime factors of 13214?
2, 6607
List the prime factors of 18422.
2, 61, 151
List the prime factors of 26861.
26861
What are the prime factors of 4122?
2, 3, 229
What are the prime factors of 3872?
2, 11
What are the prime factors of 24056?
2, 31, 97
List the prime factors of 2309.
2309
List the prime factors of 10005.
3, 5, 23, 29
What are the prime factors of 1401?
3, 467
What are the prime factors of 39692?
2, 9923
What are the prime factors of 8215?
5, 31, 53
List the prime factors of 10683.
3, 1187
What are the prime factors of 2007?
3, 223
What are the prime factors of 1438?
2, 719
What are the prime factors of 3410?
2, 5, 11, 31
What are the prime factors of 28063?
7, 19, 211
List the prime factors of 7140.
2, 3, 5, 7, 17
What are the prime factors of 1293?
3, 431
What are the prime factors of 2222?
2, 11, 101
List the prime factors of 462.
2, 3, 7, 11
List the prime factors of 2350.
2, 5, 47
List the prime factors of 436.
2, 109
What are the prime factors of 63870?
2, 3, 5, 2129
What are the prime factors of 2409?
3, 11, 73
List the prime factors of 9776.
2, 13, 47
What are the prime factors of 1697?
1697
List the prime factors of 542.
2, 271
What are the prime factors of 2464?
2, 7, 11
List the prime factors of 1245.
3, 5, 83
List the prime factors of 1202.
2, 601
List the prime factors of 16617.
3, 29, 191
List the prime factors of 13209.
3, 7, 17, 37
List the prime factors of 38.
2, 19
What are the prime factors of 40610?
2, 5, 31, 131
List the prime factors of 61303.
11, 5573
List the prime factors of 25958.
2, 12979
List the prime factors of 3488.
2, 109
What are the prime factors of 9956?
2, 19, 131
What are the prime factors of 12173?
7, 37, 47
What are the prime factors of 17342?
2, 13, 23, 29
List the prime factors of 3047.
11, 277
List the prime factors of 29110.
2, 5, 41, 71
What are the prime factors of 4758?
2, 3, 13, 61
List the prime factors of 11418.
2, 3, 11, 173
What are the prime factors of 163846?
2, 17, 61, 79
What are the prime factors of 1167?
3, 389
List the prime factors of 91501.
37, 2473
What are the prime factors of 5534?
2, 2767
What are the prime factors of 4410?
2, 3, 5, 7
List the prime factors of 1880.
2, 5, 47
List the prime factors of 27846.
2, 3, 7, 13, 17
List the prime factors of 493.
17, 29
List the prime factors of 163214.
2, 79, 1033
List the prime factors of 1411.
17, 83
What are the prime factors of 1861?
1861
What are the prime factors of 4956?
2, 3, 7, 59
List the prime factors of 25129.
13, 1933
What are the prime factors of 40026?
2, 3, 7, 953
List the prime factors of 1008.
2, 3, 7
What are the prime factors of 7291?
23, 317
List the prime factors of 15588.
2, 3, 433
What are the prime factors of 17743?
11, 1613
What are the prime factors of 243?
3
List the prime factors of 212.
2, 53
What are the prime factors of 13536?
2, 3, 47
What are the prime factors of 1109?
1109
List the prime factors of 10523.
17, 619
List the prime factors of 1508.
2, 13, 29
List the prime factors of 3179.
11, 17
What are the prime factors of 591?
3, 197
What are the prime factors of 2876?
2, 719
List the prime factors of 31968.
2, 3, 37
What are the prime factors of 870?
2, 3, 5, 29
What are the prime factors of 1655?
5, 331
What are the prime factors of 9495?
3, 5, 211
What are the prime factors of 2723?
7, 389
What are the prime factors of 9268?
2, 7, 331
List the prime factors of 31199.
7, 4457
What are the prime factors of 438?
2, 3, 73
What are the prime factors of 1421?
7, 29
What are the prime factors of 47882?
2, 89, 269
List the prime factors of 46420.
2, 5, 11, 211
List the prime factors of 1415.
5, 283
List the prime factors of 2764.
2, 691
What are the prime factors of 35348?
2, 8837
What are the prime factors of 1317?
3, 439
List the prime factors of 93851.
93851
List the prime factors of 706.
2, 353
What are the prime factors of 4272?
2, 3, 89
List the prime factors of 831.
3, 277
List the prime factors of 1892.
2, 11, 43
List the prime factors of 990.
2, 3, 5, 11
List the prime factors of 601.
601
What are the prime factors of 28239?
3, 9413
List the prime factors of 98.
2, 7
List the prime factors of 143868.
2, 3, 19, 631
List the prime factors of 28333.
29, 977
List the prime factors of 11119.
11119
What are the prime factors of 50007?
3, 79, 211
List the prime factors of 895.
5, 179
List the prime factors of 6548.
2, 1637
List the prime factors of 12578.
2, 19, 331
List the prime factors of 3101.
7, 443
What are the prime factors of 11688?
2, 3, 487
List the prime factors of 10657.
10657
What are the prime factors of 1496?
2, 11, 17
What are the prime factors of 85521?
3, 29, 983
List the prime factors of 38884.
2, 9721
What are the prime factors of 4089?
3, 29, 47
List the prime factors of 4704.
2, 3, 7
List the prime factors of 517.
11, 47
What are the prime factors of 27430?
2, 5, 13, 211
What are the prime 